 = 3. Let j(h) = 7*l(h) + 2*w(h). Let p(x) = -2*x - 10. Let k(f) = -j(f) - p(f). Calculate k(o).
-3
Let j be -12*2/(-30) - 48/(-15). Suppose -5 = -b - 0. Let o(d) = -b + 1 + 1 - 4*d + 0. Calculate o(j).
-19
Let x = 133 - 143. Let r = -4 - x. Let q(l) = l**3 - 5*l**2 - 6*l. Calculate q(r).
0
Let i(c) = -c**2 - 12*c - 26. Let b(n) = n**2 + 13*n + 29. Suppose 3*j - 4*o = -21, -2*o + 4*o - 9 = j. Let a(v) = j*b(v) - 4*i(v). Determine a(-6).
-1
Suppose -2*i - 10 = -46. Let n be (8/i)/((-6)/(-27)). Let x(q) = -4*q - q**2 + n - 4 + 5 + 0*q. What is x(-4)?
3
Let u(k) = 3 - 4*k + 4*k - k**2 + 2*k**2. Let h = 74 - 227. Let d = -150 - h. Determine u(d).
12
Let p(w) = -12 - 9 + 3*w + 14 - 6*w**2 - w**3. Let g(y) = -2*y**3 + 6*y**2 - 4*y + 6. Suppose 9*u + 7*u - 48 = 0. Let k be g(u). Determine p(k).
-25
Let r(c) be the third derivative of c**4/8 + 7*c**3/2 - 3*c**2 + 115*c. Give r(-12).
-15
Let d = 4 - 7. Let o(b) = -622 + 376 + 259 + 5*b. Calculate o(d).
-2
Let q(h) = -h**3 + 6*h**2 - h - 6. Suppose 100 + 76 = 2*i. Let w = i + -84. Suppose 0 = -2*t - w + 14. What is q(t)?
14
Suppose -571*f = -422*f - 894. Let n(a) = 9 + 8 - 3*a - 4. Calculate n(f).
-5
Let s(h) = 6*h - h**3 + 1 - 6*h**2 - 3*h + 2*h**3 + 6*h - 4. Determine s(2).
-1
Let c(g) = -g**3 - 7*g**2 + 8. Let l(r) = r**3 + 17*r**2 + 33*r + 7. Let t be l(-13). Let u = t + -260. What is c(u)?
-28
Let o(m) be the first derivative of m**2/2 + 2*m + 1. Let p(d) = -d**3 + 149*d**2 + 3*d - 452. Let r be p(149). Give o(r).
-3
Let u(c) = -c**3 - 11*c**2 - 2*c + 14*c**2 + 3 + 0*c**3. Suppose 0 = 21*l + 149 - 212. What is u(l)?
-3
Let u = -1228 + 1222. Let j(b) = 6*b - 5. What is j(u)?
-41
Let a(j) = -j + 5. Let q(x) = 2*x**3 - 3*x**2 - x - 6. Let b be q(3). Let z = 24 - b. Determine a(z).
-1
Let l(w) be the first derivative of w**6/120 - w**5/30 - w**4/12 + w**3/6 - 136*w**2 - 92. Let u(d) be the second derivative of l(d). Give u(3).
4
Let o(s) be the second derivative of 2*s + s**2 - 18 - 1/3*s**3. Give o(-8).
18
Let a(j) = -j**3 + 7*j**2 - 7*j + 13. Let x be a(6). Suppose -x = 8*u - 63. Let k(o) = -2*o + 8 - 2 + 2 - 1. Determine k(u).
-7
Let s(d) be the second derivative of d**6/360 + d**5/12 - d**4/6 + 47*d**3/3 - 28*d + 2. Let f(l) be the second derivative of s(l). What is f(-10)?
-4
Let h = -1 + 37. Suppose -9*g = -3*g - h. Let s(c) = c - 6. Determine s(g).
0
Let b(m) = -1 - 84*m**2 - 2 + 2 + 84*m**2 + 4*m**3. Let h(i) = -i**2 + 6*i + 6. Let p be h(7). What is b(p)?
-5
Let w(v) be the third derivative of -2*v - 1/6*v**3 + 1/24*v**4 + 0 + 6*v**2 + 1/30*v**5. What is w(1)?
2
Suppose b + 27 = -3*z, -b = -4*b - 5*z - 69. Let u(l) = -20*l - 16082*l**2 + l - 20 + 8049*l**2 + 8032*l**2. Determine u(b).
-2
Let u = -7 - -15. Let n be 23 + -4 + 1 - -5. Let j(p) = n*p - 14*p - 11*p + 4 - p + 5. Give j(u).
1
Suppose 9 = -13*c - 30. Let z(a) = -2*a. Let h be ((-4)/3)/(1/3) - -2. Let y(i) = -i. Let q(r) = h*z(r) + 3*y(r). Give q(c).
-3
Let i(w) be the first derivative of -w**3/3 - 11*w**2/2 - 8*w + 7. Let v be (-38)/5 + (646/85)/(-19). Calculate i(v).
16
Let d(f) = -82*f - 33 + 66 + 165*f - 86*f. Give d(3).
24
Suppose 66*l - 120 = 60*l. Let s(q) = 6*q - 112. Let k be s(l). Let f(h) = -h**3 + 7*h**2 + 9*h - 9. Determine f(k).
-1
Let r(o) = -17*o - 560. Let w(y) = 69*y + 2289. Let z(l) = 25*r(l) + 6*w(l). What is z(-23)?
-13
Let t(f) = 6*f**2 - 6. Let p(h) = -2*h**2 + 2*h. Let q(o) = -5*o**2 + 14*o - 7. Let l(k) = -6*p(k) + q(k). Let v(n) = 5*l(n) - 6*t(n). Give v(8).
17
Let z(p) = -18*p + 23. Let m(n) = -n**3 + 7*n**2 - 8*n + 8. Let j be m(6). Let w be z(j). Let v(s) = -49 + w - s - 50. What is v(-4)?
0
Suppose 1 - 13 = 2*x + j, -3*j = 2*x + 16. Let k(d) be the second derivative of d**5/20 + 5*d**4/12 - 5*d**3/6 - 3*d**2/2 + 50444*d. What is k(x)?
22
Let v(a) = -a**2 + 12*a**3 + 9*a**2 + 13*a**3 - 26*a**3. Let z be (3/(-2))/(9/(-6)). Let h be (9 + z)*(-4)/(-5). What is v(h)?
0
Let g(a) = 6*a + 8. Let p(o) = -5*o - 7. Let r(t) = -6*g(t) - 7*p(t). Suppose 8 = -3*u + 2. Let m(z) = -z + 9. Let w(f) = u*r(f) + m(f). Calculate w(-6).
1
Suppose -10 = 2*x, 0*h - h + 7 = -x. Let p(z) = z. Let q(r) = -r**2 + 4*r - 5. Suppose 4*m + 35*m = 39. Let g(k) = h*p(k) + m*q(k). Give g(4).
3
Let p(c) = 2*c**2 - 284*c**3 + 8*c**2 + 137*c**3 + 10*c + 146*c**3 - 11. Give p(11).
-22
Let h(u) = -u**2 + 8*u - 15. Let f be h(6). Let c be f/(-8) + 1242/144. Let p(a) = a**2 - 9*a + 2. Let r be p(c). Let k(i) = 2*i - 2. Determine k(r).
2
Let d(c) = 2*c**2 - 2 - 5*c + c**3 - c + c. Suppose -2*l + 0*l + 4 = 0. Suppose -l*n - 12 = 2*n. Calculate d(n).
4
Suppose 3*k - k - 10 = v, -2*v - 2*k = -10. Let s = 1 + v. Let q(d) = 4*d - 7*d - 2 + s + d**2 - 3*d. What is q(7)?
6
Let o = 32 + -8. Let m(t) = o*t**2 + 29*t**2 + 3*t + 5 - 54*t**2. Let j = 8 + -2. Give m(j).
-13
Let c be -1 + (-47 + 11)*(-3)/(-4). Let j(f) = 4*f + 115. Determine j(c).
3
Let v(p) = 6*p - 42566 + 21293 + 21285. Give v(-7).
-30
Let x be 14*(17/119)/(3/2 - 1). Let o(q) be the first derivative of 1/4*q**x + 8*q + 3*q**3 + 5*q**2 - 41. Give o(-8).
-8
Let v(b) = -b**3 - 13*b**2 - 5*b. Let s be v(-13). Let n = -62 + s. Suppose -n*m = m. Let p(i) = -i**2 + i + 2. Determine p(m).
2
Let v(b) be the first derivative of -b**7/840 + b**6/360 - b**5/60 + 4*b**3 + 27. Let u(w) be the third derivative of v(w). Calculate u(2).
-8
Let u(m) = 17*m. Let r(c) = -37*c + 69. Let w be r(2). Let g be w + 39/9 - 16/(-6). What is u(g)?
34
Let t be 3/7 - 3460/70. Let l = t + 51. Let z(q) = 2*q**l - 5*q - 8 - 2 + 8 - 3*q**2. Give z(-3).
4
Suppose -156*r - 89 = -127 - 274. Let n(y) = 4*y**3 - y**2 + 3*y - 1. Calculate n(r).
33
Let x = -63 + 105. Suppose 0 = -49*m + x*m + 42. Let v(h) = -h**2 + 6*h - 4. Calculate v(m).
-4
Let u be -13 + -3 + 16 + 0. Let l(v) be the second derivative of u - 4*v + 1/12*v**4 - 5*v**2 + 1/6*v**3. Give l(0).
-10
Suppose 2*l - 35 + 37 = 0. Let o(p) = -3*p**3 - 4*p**2 + 6*p - 5. Let g(b) = -b**3 - b**2 + b. Let i(v) = l*o(v) + 2*g(v). Give i(-4).
-11
Let h(i) = -i**3 + i**2. Suppose 29*v = 27*v. Suppose y - 1 - 1 = v. Suppose 3*m = 2*l - 0*l - 7, -y*m = 4*l + 10. Calculate h(l).
2
Let h be (-34)/(-4) - 1/(8/(-4)). Let k(f) = -2*f**3 + 9*f**2 - 9*f + 7. Let w(a) = -a**3 - a**2 - 1. Let m(s) = -k(s) + w(s). Give m(h).
-8
Let l(w) be the first derivative of -4*w - 4/3*w**3 + 231 + 3/2*w**2 + 1/4*w**4. What is l(3)?
-4
Let o(n) = 66*n + 1719. Let u be o(-26). Let k(f) = -4 - 4*f + 2*f + 8. Determine k(u).
-2
Suppose 0*l = -31*l + 7*l - 120. Let c(f) = f**2 - 5*f. What is c(l)?
50
Let h(o) = -3*o - 6. Let n(k) = 3*k - 31. Let w(t) = -3*h(t) - 2*n(t). Determine w(-26).
2
Let q(d) = d**3 - d**2 + d - 3. Let s(v) = 5*v**3 + 14*v**2 - 4*v - 19. Let y(x) = 3*q(x) - s(x). Give y(-9).
28
Let b(p) = -p**3 - 9*p**2 + 11*p + 12. Suppose -38 = 3*w - 701. Let g = w - 231. Determine b(g).
2
Let l = 3370 + -3375. Let q(c) = 2*c + 13. Calculate q(l).
3
Let a(o) be the first derivative of -3/2*o**2 + 0*o + 68 + 2/3*o**3. Give a(4).
20
Let m = 1224 + -1231. Let k be (9/(-6))/(((-126)/(-96))/m). Let r(h) be the third derivative of h**4/24 + 11*h**3/6 + h**2. Determine r(k).
19
Let f(y) be the second derivative of -2*y**4/3 + y**2/2 + 5085*y. Calculate f(-3).
-71
Let z(l) = 4*l - 3*l + 80*l**3 + 6 + 119 + 2*l**2 - 124. Determine z(-1).
-78
Suppose 15*q - 12 = 18. Let v(t) = 5*t + 2 - t**3 + 2*t**q - 11*t + 5*t**2. Calculate v(6).
2
Let p(b) = 9*b**2 - 18*b - 7 - 7*b - 8*b + 35*b. Determine p(0).
-7
Let y(h) be the second derivative of -3/8*h**4 + 0 - 5/6*h**3 + 42*h + 2*h**2 + 1/60*h**5. Let g(j) be the first derivative of y(j). Give g(10).
5
Let z(r) be the third derivative of -5/24*r**4 + 37*r**2 + 1/60*r**5 + 1/2*r**3 + 0*r + 0. Calculate z(6).
9
Suppose -23*n + 20*n = -357. Let u(t) = 54*t - n*t + 66*t. Determine u(5).
5
Let q(h) = h**2 + h + 4. Let a be q(0). Suppose 317 = -7*y + 331. Let s(o) = o - 5*o**2 + a - 2 - 1 + 6*o**y. What is s(-1)?
1
Let d(c) = c - 1. Let v(h) be the first derivative of -h - 113. Let q(s) = -d(s) + 3*v(s). Give q(0).
-2
Let y(p) be the first derivative of -p**2/2 - 13*p - 1877. What is y(-4)?
-9
Let o(p) = p**2 - 3*p + 2. Let w(s) = -s**3 + 59*s**2 - 36*s - 1279. Let x be w(58). What is o(x)?
20
Let u be (49/7)/(5/5). Let d(n) be the third derivative of 1/6*n**4 - 2*n**2 + 